{"id":232,"date":"2025-09-28T19:30:09","date_gmt":"2025-09-28T19:30:09","guid":{"rendered":"https:\/\/saborcito.de\/?post_type=product&#038;p=232"},"modified":"2026-04-22T09:22:37","modified_gmt":"2026-04-22T09:22:37","slug":"harina-de-maiz-tradicional-1-kg-maseca","status":"publish","type":"product","link":"https:\/\/saborcito.de\/de\/product\/harina-de-maiz-tradicional-1-kg-maseca\/","title":{"rendered":"Harina de Maiz Tradicional 1 kg. Maseca"},"content":{"rendered":"<p>Maseca, quiz\u00e1s la harina de ma\u00edz m\u00e1s popular en M\u00e9xico, es vers\u00e1til para preparar tortillas de ma\u00edz y una variedad de platillos como gorditas, sopes, arepas, popusas, tortas de ma\u00edz, atole, empanadas, huaraches y m\u00e1s. Nota importante: La fecha de caducidad de la harina de ma\u00edz suele ser de 1 a 4 meses. Esto se debe a los costos de env\u00edo y manejo en M\u00e9xico y Europa. Si es importante para usted y a\u00fan no se indica en el nombre del producto, no dude en consultarnos sobre la fecha de caducidad disponible a trav\u00e9s de nuestro formulario de contacto. La harina de ma\u00edz Maseca se puede consumir durante varios meses despu\u00e9s de la fecha de caducidad si se almacena de forma normal.<\/p>","protected":false},"excerpt":{"rendered":"<p>Harina de Maiz Tradicional 1 kg. Maseca<\/p>","protected":false},"featured_media":143,"comment_status":"closed","ping_status":"closed","template":"","meta":[],"product_brand":[39],"product_cat":[20],"product_tag":[],"class_list":{"0":"post-232","1":"product","2":"type-product","3":"status-publish","4":"has-post-thumbnail","6":"product_brand-maseca","7":"product_cat-harinas","9":"first","10":"outofstock","11":"taxable","12":"shipping-taxable","13":"purchasable","14":"product-type-simple"},"yoast_head":"<!-- This site is optimized with the Yoast SEO plugin v27.5 - https:\/\/yoast.com\/product\/yoast-seo-wordpress\/ -->\n<title>Harina de Maiz Tradicional 1 kg. Maseca - Saborcito<\/title>\n<meta name=\"robots\" content=\"index, follow, max-snippet:-1, max-image-preview:large, max-video-preview:-1\" \/>\n<link rel=\"canonical\" href=\"https:\/\/saborcito.de\/de\/?product=harina-de-maiz-tradicional-1-kg-maseca\" \/>\n<meta property=\"og:locale\" content=\"de_DE\" \/>\n<meta property=\"og:type\" content=\"article\" \/>\n<meta property=\"og:title\" content=\"Harina de Maiz Tradicional 1 kg. Maseca - Saborcito\" \/>\n<meta property=\"og:description\" content=\"Harina de Maiz Tradicional 1 kg. Maseca\" \/>\n<meta property=\"og:url\" content=\"https:\/\/saborcito.de\/de\/?product=harina-de-maiz-tradicional-1-kg-maseca\" \/>\n<meta property=\"og:site_name\" content=\"Saborcito\" \/>\n<meta property=\"article:modified_time\" content=\"2026-04-22T09:22:37+00:00\" \/>\n<meta name=\"twitter:card\" content=\"summary_large_image\" \/>\n<meta name=\"twitter:label1\" content=\"Gesch\u00e4tzte Lesezeit\" \/>\n\t<meta name=\"twitter:data1\" content=\"1\u00a0Minute\" \/>\n<script type=\"application\/ld+json\" class=\"yoast-schema-graph\">{\"@context\":\"https:\\\/\\\/schema.org\",\"@graph\":[{\"@type\":\"WebPage\",\"@id\":\"https:\\\/\\\/saborcito.de\\\/?product=harina-de-maiz-tradicional-1-kg-maseca\",\"url\":\"https:\\\/\\\/saborcito.de\\\/?product=harina-de-maiz-tradicional-1-kg-maseca\",\"name\":\"Harina de Maiz Tradicional 1 kg. Maseca - Saborcito\",\"isPartOf\":{\"@id\":\"https:\\\/\\\/saborcito.de\\\/#website\"},\"primaryImageOfPage\":{\"@id\":\"https:\\\/\\\/saborcito.de\\\/?product=harina-de-maiz-tradicional-1-kg-maseca#primaryimage\"},\"image\":{\"@id\":\"https:\\\/\\\/saborcito.de\\\/?product=harina-de-maiz-tradicional-1-kg-maseca#primaryimage\"},\"thumbnailUrl\":\"https:\\\/\\\/saborcito.de\\\/wp-content\\\/uploads\\\/2025\\\/09\\\/60a029cdb713f-15-05-21.webp\",\"datePublished\":\"2025-09-28T19:30:09+00:00\",\"dateModified\":\"2026-04-22T09:22:37+00:00\",\"breadcrumb\":{\"@id\":\"https:\\\/\\\/saborcito.de\\\/?product=harina-de-maiz-tradicional-1-kg-maseca#breadcrumb\"},\"inLanguage\":\"de\",\"potentialAction\":[{\"@type\":\"ReadAction\",\"target\":[\"https:\\\/\\\/saborcito.de\\\/?product=harina-de-maiz-tradicional-1-kg-maseca\"]}]},{\"@type\":\"ImageObject\",\"inLanguage\":\"de\",\"@id\":\"https:\\\/\\\/saborcito.de\\\/?product=harina-de-maiz-tradicional-1-kg-maseca#primaryimage\",\"url\":\"https:\\\/\\\/saborcito.de\\\/wp-content\\\/uploads\\\/2025\\\/09\\\/60a029cdb713f-15-05-21.webp\",\"contentUrl\":\"https:\\\/\\\/saborcito.de\\\/wp-content\\\/uploads\\\/2025\\\/09\\\/60a029cdb713f-15-05-21.webp\",\"width\":540,\"height\":560},{\"@type\":\"BreadcrumbList\",\"@id\":\"https:\\\/\\\/saborcito.de\\\/?product=harina-de-maiz-tradicional-1-kg-maseca#breadcrumb\",\"itemListElement\":[{\"@type\":\"ListItem\",\"position\":1,\"name\":\"Home\",\"item\":\"https:\\\/\\\/saborcito.de\\\/de\\\/\"},{\"@type\":\"ListItem\",\"position\":2,\"name\":\"Tienda\",\"item\":\"https:\\\/\\\/saborcito.de\\\/de\\\/\"},{\"@type\":\"ListItem\",\"position\":3,\"name\":\"Harina de Maiz Tradicional 1 kg. Maseca\"}]},{\"@type\":\"WebSite\",\"@id\":\"https:\\\/\\\/saborcito.de\\\/#website\",\"url\":\"https:\\\/\\\/saborcito.de\\\/\",\"name\":\"Saborcito\",\"description\":\"\u00a1El sabor que extra\u00f1abas!\",\"publisher\":{\"@id\":\"https:\\\/\\\/saborcito.de\\\/#organization\"},\"potentialAction\":[{\"@type\":\"SearchAction\",\"target\":{\"@type\":\"EntryPoint\",\"urlTemplate\":\"https:\\\/\\\/saborcito.de\\\/?s={search_term_string}\"},\"query-input\":{\"@type\":\"PropertyValueSpecification\",\"valueRequired\":true,\"valueName\":\"search_term_string\"}}],\"inLanguage\":\"de\"},{\"@type\":\"Organization\",\"@id\":\"https:\\\/\\\/saborcito.de\\\/#organization\",\"name\":\"Saborcito\",\"url\":\"https:\\\/\\\/saborcito.de\\\/\",\"logo\":{\"@type\":\"ImageObject\",\"inLanguage\":\"de\",\"@id\":\"https:\\\/\\\/saborcito.de\\\/#\\\/schema\\\/logo\\\/image\\\/\",\"url\":\"https:\\\/\\\/saborcito.de\\\/wp-content\\\/uploads\\\/2025\\\/09\\\/Gemini_Generated_Image_u5txh9u5txh9u5tx.png\",\"contentUrl\":\"https:\\\/\\\/saborcito.de\\\/wp-content\\\/uploads\\\/2025\\\/09\\\/Gemini_Generated_Image_u5txh9u5txh9u5tx.png\",\"width\":1024,\"height\":330,\"caption\":\"Saborcito\"},\"image\":{\"@id\":\"https:\\\/\\\/saborcito.de\\\/#\\\/schema\\\/logo\\\/image\\\/\"}}]}<\/script>\n<!-- \/ Yoast SEO plugin. -->","yoast_head_json":{"title":"Harina de Maiz Tradicional 1 kg. Maseca - Saborcito","robots":{"index":"index","follow":"follow","max-snippet":"max-snippet:-1","max-image-preview":"max-image-preview:large","max-video-preview":"max-video-preview:-1"},"canonical":"https:\/\/saborcito.de\/de\/?product=harina-de-maiz-tradicional-1-kg-maseca","og_locale":"de_DE","og_type":"article","og_title":"Harina de Maiz Tradicional 1 kg. Maseca - Saborcito","og_description":"Harina de Maiz Tradicional 1 kg. Maseca","og_url":"https:\/\/saborcito.de\/de\/?product=harina-de-maiz-tradicional-1-kg-maseca","og_site_name":"Saborcito","article_modified_time":"2026-04-22T09:22:37+00:00","twitter_card":"summary_large_image","twitter_misc":{"Gesch\u00e4tzte Lesezeit":"1\u00a0Minute"},"schema":{"@context":"https:\/\/schema.org","@graph":[{"@type":"WebPage","@id":"https:\/\/saborcito.de\/?product=harina-de-maiz-tradicional-1-kg-maseca","url":"https:\/\/saborcito.de\/?product=harina-de-maiz-tradicional-1-kg-maseca","name":"Harina de Maiz Tradicional 1 kg. Maseca - Saborcito","isPartOf":{"@id":"https:\/\/saborcito.de\/#website"},"primaryImageOfPage":{"@id":"https:\/\/saborcito.de\/?product=harina-de-maiz-tradicional-1-kg-maseca#primaryimage"},"image":{"@id":"https:\/\/saborcito.de\/?product=harina-de-maiz-tradicional-1-kg-maseca#primaryimage"},"thumbnailUrl":"https:\/\/saborcito.de\/wp-content\/uploads\/2025\/09\/60a029cdb713f-15-05-21.webp","datePublished":"2025-09-28T19:30:09+00:00","dateModified":"2026-04-22T09:22:37+00:00","breadcrumb":{"@id":"https:\/\/saborcito.de\/?product=harina-de-maiz-tradicional-1-kg-maseca#breadcrumb"},"inLanguage":"de","potentialAction":[{"@type":"ReadAction","target":["https:\/\/saborcito.de\/?product=harina-de-maiz-tradicional-1-kg-maseca"]}]},{"@type":"ImageObject","inLanguage":"de","@id":"https:\/\/saborcito.de\/?product=harina-de-maiz-tradicional-1-kg-maseca#primaryimage","url":"https:\/\/saborcito.de\/wp-content\/uploads\/2025\/09\/60a029cdb713f-15-05-21.webp","contentUrl":"https:\/\/saborcito.de\/wp-content\/uploads\/2025\/09\/60a029cdb713f-15-05-21.webp","width":540,"height":560},{"@type":"BreadcrumbList","@id":"https:\/\/saborcito.de\/?product=harina-de-maiz-tradicional-1-kg-maseca#breadcrumb","itemListElement":[{"@type":"ListItem","position":1,"name":"Home","item":"https:\/\/saborcito.de\/de\/"},{"@type":"ListItem","position":2,"name":"Tienda","item":"https:\/\/saborcito.de\/de\/"},{"@type":"ListItem","position":3,"name":"Harina de Maiz Tradicional 1 kg. Maseca"}]},{"@type":"WebSite","@id":"https:\/\/saborcito.de\/#website","url":"https:\/\/saborcito.de\/","name":"Saborcito","description":"\u00a1El sabor que extra\u00f1abas!","publisher":{"@id":"https:\/\/saborcito.de\/#organization"},"potentialAction":[{"@type":"SearchAction","target":{"@type":"EntryPoint","urlTemplate":"https:\/\/saborcito.de\/?s={search_term_string}"},"query-input":{"@type":"PropertyValueSpecification","valueRequired":true,"valueName":"search_term_string"}}],"inLanguage":"de"},{"@type":"Organization","@id":"https:\/\/saborcito.de\/#organization","name":"Saborcito","url":"https:\/\/saborcito.de\/","logo":{"@type":"ImageObject","inLanguage":"de","@id":"https:\/\/saborcito.de\/#\/schema\/logo\/image\/","url":"https:\/\/saborcito.de\/wp-content\/uploads\/2025\/09\/Gemini_Generated_Image_u5txh9u5txh9u5tx.png","contentUrl":"https:\/\/saborcito.de\/wp-content\/uploads\/2025\/09\/Gemini_Generated_Image_u5txh9u5txh9u5tx.png","width":1024,"height":330,"caption":"Saborcito"},"image":{"@id":"https:\/\/saborcito.de\/#\/schema\/logo\/image\/"}}]}},"jetpack_sharing_enabled":true,"_links":{"self":[{"href":"https:\/\/saborcito.de\/de\/wp-json\/wp\/v2\/product\/232","targetHints":{"allow":["GET"]}}],"collection":[{"href":"https:\/\/saborcito.de\/de\/wp-json\/wp\/v2\/product"}],"about":[{"href":"https:\/\/saborcito.de\/de\/wp-json\/wp\/v2\/types\/product"}],"replies":[{"embeddable":true,"href":"https:\/\/saborcito.de\/de\/wp-json\/wp\/v2\/comments?post=232"}],"wp:featuredmedia":[{"embeddable":true,"href":"https:\/\/saborcito.de\/de\/wp-json\/wp\/v2\/media\/143"}],"wp:attachment":[{"href":"https:\/\/saborcito.de\/de\/wp-json\/wp\/v2\/media?parent=232"}],"wp:term":[{"taxonomy":"product_brand","embeddable":true,"href":"https:\/\/saborcito.de\/de\/wp-json\/wp\/v2\/product_brand?post=232"},{"taxonomy":"product_cat","embeddable":true,"href":"https:\/\/saborcito.de\/de\/wp-json\/wp\/v2\/product_cat?post=232"},{"taxonomy":"product_tag","embeddable":true,"href":"https:\/\/saborcito.de\/de\/wp-json\/wp\/v2\/product_tag?post=232"}],"curies":[{"name":"wp","href":"https:\/\/api.w.org\/{rel}","templated":true}]}}

<p>Maseca, quizás la harina de maíz más popular en México, es versátil para preparar tortillas de maíz y una variedad de platillos como gorditas, sopes, arepas, popusas, tortas de maíz, atole, empanadas, huaraches y más. Nota importante: La fecha de caducidad de la harina de maíz suele ser de 1 a 4 meses. Esto se debe a los costos de envío y manejo en México y Europa. Si es importante para usted y aún no se indica en el nombre del producto, no dude en consultarnos sobre la fecha de caducidad disponible a través de nuestro formulario de contacto. La harina de maíz Maseca se puede consumir durante varios meses después de la fecha de caducidad si se almacena de forma normal.</p>

<!-- This site is optimized with the Yoast SEO plugin v27.5 - https://yoast.com/product/yoast-seo-wordpress/ -->
<title>Harina de Maiz Tradicional 1 kg. Maseca - Saborcito</title>
<meta name="robots" content="index, follow, max-snippet:-1, max-image-preview:large, max-video-preview:-1" />
<link rel="canonical" href="https://saborcito.de/de/?product=harina-de-maiz-tradicional-1-kg-maseca" />
<meta property="og:locale" content="de_DE" />
<meta property="og:type" content="article" />
<meta property="og:title" content="Harina de Maiz Tradicional 1 kg. Maseca - Saborcito" />
<meta property="og:description" content="Harina de Maiz Tradicional 1 kg. Maseca" />
<meta property="og:url" content="https://saborcito.de/de/?product=harina-de-maiz-tradicional-1-kg-maseca" />
<meta property="og:site_name" content="Saborcito" />
<meta property="article:modified_time" content="2026-04-22T09:22:37+00:00" />
<meta name="twitter:card" content="summary_large_image" />
<meta name="twitter:label1" content="Geschätzte Lesezeit" />
	<meta name="twitter:data1" content="1 Minute" />
<script type="application/ld+json" class="yoast-schema-graph">{"@context":"https:\/\/schema.org","@graph":[{"@type":"WebPage","@id":"https:\/\/saborcito.de\/?product=harina-de-maiz-tradicional-1-kg-maseca","url":"https:\/\/saborcito.de\/?product=harina-de-maiz-tradicional-1-kg-maseca","name":"Harina de Maiz Tradicional 1 kg. Maseca - Saborcito","isPartOf":{"@id":"https:\/\/saborcito.de\/#website"},"primaryImageOfPage":{"@id":"https:\/\/saborcito.de\/?product=harina-de-maiz-tradicional-1-kg-maseca#primaryimage"},"image":{"@id":"https:\/\/saborcito.de\/?product=harina-de-maiz-tradicional-1-kg-maseca#primaryimage"},"thumbnailUrl":"https:\/\/saborcito.de\/wp-content\/uploads\/2025\/09\/60a029cdb713f-15-05-21.webp","datePublished":"2025-09-28T19:30:09+00:00","dateModified":"2026-04-22T09:22:37+00:00","breadcrumb":{"@id":"https:\/\/saborcito.de\/?product=harina-de-maiz-tradicional-1-kg-maseca#breadcrumb"},"inLanguage":"de","potentialAction":[{"@type":"ReadAction","target":["https:\/\/saborcito.de\/?product=harina-de-maiz-tradicional-1-kg-maseca"]}]},{"@type":"ImageObject","inLanguage":"de","@id":"https:\/\/saborcito.de\/?product=harina-de-maiz-tradicional-1-kg-maseca#primaryimage","url":"https:\/\/saborcito.de\/wp-content\/uploads\/2025\/09\/60a029cdb713f-15-05-21.webp","contentUrl":"https:\/\/saborcito.de\/wp-content\/uploads\/2025\/09\/60a029cdb713f-15-05-21.webp","width":540,"height":560},{"@type":"BreadcrumbList","@id":"https:\/\/saborcito.de\/?product=harina-de-maiz-tradicional-1-kg-maseca#breadcrumb","itemListElement":[{"@type":"ListItem","position":1,"name":"Home","item":"https:\/\/saborcito.de\/de\/"},{"@type":"ListItem","position":2,"name":"Tienda","item":"https:\/\/saborcito.de\/de\/"},{"@type":"ListItem","position":3,"name":"Harina de Maiz Tradicional 1 kg. Maseca"}]},{"@type":"WebSite","@id":"https:\/\/saborcito.de\/#website","url":"https:\/\/saborcito.de\/","name":"Saborcito","description":"¡El sabor que extrañabas!","publisher":{"@id":"https:\/\/saborcito.de\/#organization"},"potentialAction":[{"@type":"SearchAction","target":{"@type":"EntryPoint","urlTemplate":"https:\/\/saborcito.de\/?s={search_term_string}"},"query-input":{"@type":"PropertyValueSpecification","valueRequired":true,"valueName":"search_term_string"}}],"inLanguage":"de"},{"@type":"Organization","@id":"https:\/\/saborcito.de\/#organization","name":"Saborcito","url":"https:\/\/saborcito.de\/","logo":{"@type":"ImageObject","inLanguage":"de","@id":"https:\/\/saborcito.de\/#\/schema\/logo\/image\/","url":"https:\/\/saborcito.de\/wp-content\/uploads\/2025\/09\/Gemini_Generated_Image_u5txh9u5txh9u5tx.png","contentUrl":"https:\/\/saborcito.de\/wp-content\/uploads\/2025\/09\/Gemini_Generated_Image_u5txh9u5txh9u5tx.png","width":1024,"height":330,"caption":"Saborcito"},"image":{"@id":"https:\/\/saborcito.de\/#\/schema\/logo\/image\/"}}]}</script>
<!-- / Yoast SEO plugin. -->

¡El sabor que extrañabas!
