{"id":236,"date":"2025-09-28T19:30:09","date_gmt":"2025-09-28T19:30:09","guid":{"rendered":"https:\/\/saborcito.de\/?post_type=product&#038;p=236"},"modified":"2026-03-23T03:21:54","modified_gmt":"2026-03-23T03:21:54","slug":"salsa-valentina-picante-etiq-roja-370-ml","status":"publish","type":"product","link":"https:\/\/saborcito.de\/de\/product\/salsa-valentina-picante-etiq-roja-370-ml\/","title":{"rendered":"Salsa Valentina Picante Etiq. Roja 370 ml."},"content":{"rendered":"<p>La Salsa Valentina es una de las salsas de chile m\u00e1s vendidas en M\u00e9xico. Es muy picante gracias a los chiles puya y serrano. Ideal como salsa para totopos, ma\u00edz, papas fritas, palomitas saladas y otros bocadillos.<\/p>","protected":false},"excerpt":{"rendered":"<p>Salsa Valentina Picante Etiq. Roja 370 ml.<\/p>","protected":false},"featured_media":193,"comment_status":"closed","ping_status":"closed","template":"","meta":[],"product_brand":[24],"product_cat":[17],"product_tag":[],"class_list":{"0":"post-236","1":"product","2":"type-product","3":"status-publish","4":"has-post-thumbnail","6":"product_brand-tamazula","7":"product_cat-chiles-y-salsas","9":"first","10":"instock","11":"taxable","12":"shipping-taxable","13":"purchasable","14":"product-type-simple"},"yoast_head":"<!-- This site is optimized with the Yoast SEO plugin v27.5 - https:\/\/yoast.com\/product\/yoast-seo-wordpress\/ -->\n<title>Salsa Valentina Picante Etiq. Roja 370 ml. - Saborcito<\/title>\n<meta name=\"robots\" content=\"index, follow, max-snippet:-1, max-image-preview:large, max-video-preview:-1\" \/>\n<link rel=\"canonical\" href=\"https:\/\/saborcito.de\/de\/?product=salsa-valentina-picante-etiq-roja-370-ml\" \/>\n<meta property=\"og:locale\" content=\"de_DE\" \/>\n<meta property=\"og:type\" content=\"article\" \/>\n<meta property=\"og:title\" content=\"Salsa Valentina Picante Etiq. Roja 370 ml. - Saborcito\" \/>\n<meta property=\"og:description\" content=\"Salsa Valentina Picante Etiq. Roja 370 ml.\" \/>\n<meta property=\"og:url\" content=\"https:\/\/saborcito.de\/de\/?product=salsa-valentina-picante-etiq-roja-370-ml\" \/>\n<meta property=\"og:site_name\" content=\"Saborcito\" \/>\n<meta property=\"article:modified_time\" content=\"2026-03-23T03:21:54+00:00\" \/>\n<meta name=\"twitter:card\" content=\"summary_large_image\" \/>\n<script type=\"application\/ld+json\" class=\"yoast-schema-graph\">{\"@context\":\"https:\\\/\\\/schema.org\",\"@graph\":[{\"@type\":\"WebPage\",\"@id\":\"https:\\\/\\\/saborcito.de\\\/?product=salsa-valentina-picante-etiq-roja-370-ml\",\"url\":\"https:\\\/\\\/saborcito.de\\\/?product=salsa-valentina-picante-etiq-roja-370-ml\",\"name\":\"Salsa Valentina Picante Etiq. Roja 370 ml. - Saborcito\",\"isPartOf\":{\"@id\":\"https:\\\/\\\/saborcito.de\\\/#website\"},\"primaryImageOfPage\":{\"@id\":\"https:\\\/\\\/saborcito.de\\\/?product=salsa-valentina-picante-etiq-roja-370-ml#primaryimage\"},\"image\":{\"@id\":\"https:\\\/\\\/saborcito.de\\\/?product=salsa-valentina-picante-etiq-roja-370-ml#primaryimage\"},\"thumbnailUrl\":\"https:\\\/\\\/saborcito.de\\\/wp-content\\\/uploads\\\/2025\\\/09\\\/Valentina-Salsa.webp\",\"datePublished\":\"2025-09-28T19:30:09+00:00\",\"dateModified\":\"2026-03-23T03:21:54+00:00\",\"breadcrumb\":{\"@id\":\"https:\\\/\\\/saborcito.de\\\/?product=salsa-valentina-picante-etiq-roja-370-ml#breadcrumb\"},\"inLanguage\":\"de\",\"potentialAction\":[{\"@type\":\"ReadAction\",\"target\":[\"https:\\\/\\\/saborcito.de\\\/?product=salsa-valentina-picante-etiq-roja-370-ml\"]}]},{\"@type\":\"ImageObject\",\"inLanguage\":\"de\",\"@id\":\"https:\\\/\\\/saborcito.de\\\/?product=salsa-valentina-picante-etiq-roja-370-ml#primaryimage\",\"url\":\"https:\\\/\\\/saborcito.de\\\/wp-content\\\/uploads\\\/2025\\\/09\\\/Valentina-Salsa.webp\",\"contentUrl\":\"https:\\\/\\\/saborcito.de\\\/wp-content\\\/uploads\\\/2025\\\/09\\\/Valentina-Salsa.webp\",\"width\":1000,\"height\":1000},{\"@type\":\"BreadcrumbList\",\"@id\":\"https:\\\/\\\/saborcito.de\\\/?product=salsa-valentina-picante-etiq-roja-370-ml#breadcrumb\",\"itemListElement\":[{\"@type\":\"ListItem\",\"position\":1,\"name\":\"Home\",\"item\":\"https:\\\/\\\/saborcito.de\\\/de\\\/\"},{\"@type\":\"ListItem\",\"position\":2,\"name\":\"Tienda\",\"item\":\"https:\\\/\\\/saborcito.de\\\/de\\\/\"},{\"@type\":\"ListItem\",\"position\":3,\"name\":\"Salsa Valentina Picante Etiq. Roja 370 ml.\"}]},{\"@type\":\"WebSite\",\"@id\":\"https:\\\/\\\/saborcito.de\\\/#website\",\"url\":\"https:\\\/\\\/saborcito.de\\\/\",\"name\":\"Saborcito\",\"description\":\"\u00a1El sabor que extra\u00f1abas!\",\"publisher\":{\"@id\":\"https:\\\/\\\/saborcito.de\\\/#organization\"},\"potentialAction\":[{\"@type\":\"SearchAction\",\"target\":{\"@type\":\"EntryPoint\",\"urlTemplate\":\"https:\\\/\\\/saborcito.de\\\/?s={search_term_string}\"},\"query-input\":{\"@type\":\"PropertyValueSpecification\",\"valueRequired\":true,\"valueName\":\"search_term_string\"}}],\"inLanguage\":\"de\"},{\"@type\":\"Organization\",\"@id\":\"https:\\\/\\\/saborcito.de\\\/#organization\",\"name\":\"Saborcito\",\"url\":\"https:\\\/\\\/saborcito.de\\\/\",\"logo\":{\"@type\":\"ImageObject\",\"inLanguage\":\"de\",\"@id\":\"https:\\\/\\\/saborcito.de\\\/#\\\/schema\\\/logo\\\/image\\\/\",\"url\":\"https:\\\/\\\/saborcito.de\\\/wp-content\\\/uploads\\\/2025\\\/09\\\/Gemini_Generated_Image_u5txh9u5txh9u5tx.png\",\"contentUrl\":\"https:\\\/\\\/saborcito.de\\\/wp-content\\\/uploads\\\/2025\\\/09\\\/Gemini_Generated_Image_u5txh9u5txh9u5tx.png\",\"width\":1024,\"height\":330,\"caption\":\"Saborcito\"},\"image\":{\"@id\":\"https:\\\/\\\/saborcito.de\\\/#\\\/schema\\\/logo\\\/image\\\/\"}}]}<\/script>\n<!-- \/ Yoast SEO plugin. -->","yoast_head_json":{"title":"Salsa Valentina Picante Etiq. Roja 370 ml. - Saborcito","robots":{"index":"index","follow":"follow","max-snippet":"max-snippet:-1","max-image-preview":"max-image-preview:large","max-video-preview":"max-video-preview:-1"},"canonical":"https:\/\/saborcito.de\/de\/?product=salsa-valentina-picante-etiq-roja-370-ml","og_locale":"de_DE","og_type":"article","og_title":"Salsa Valentina Picante Etiq. Roja 370 ml. - Saborcito","og_description":"Salsa Valentina Picante Etiq. Roja 370 ml.","og_url":"https:\/\/saborcito.de\/de\/?product=salsa-valentina-picante-etiq-roja-370-ml","og_site_name":"Saborcito","article_modified_time":"2026-03-23T03:21:54+00:00","twitter_card":"summary_large_image","schema":{"@context":"https:\/\/schema.org","@graph":[{"@type":"WebPage","@id":"https:\/\/saborcito.de\/?product=salsa-valentina-picante-etiq-roja-370-ml","url":"https:\/\/saborcito.de\/?product=salsa-valentina-picante-etiq-roja-370-ml","name":"Salsa Valentina Picante Etiq. Roja 370 ml. - Saborcito","isPartOf":{"@id":"https:\/\/saborcito.de\/#website"},"primaryImageOfPage":{"@id":"https:\/\/saborcito.de\/?product=salsa-valentina-picante-etiq-roja-370-ml#primaryimage"},"image":{"@id":"https:\/\/saborcito.de\/?product=salsa-valentina-picante-etiq-roja-370-ml#primaryimage"},"thumbnailUrl":"https:\/\/saborcito.de\/wp-content\/uploads\/2025\/09\/Valentina-Salsa.webp","datePublished":"2025-09-28T19:30:09+00:00","dateModified":"2026-03-23T03:21:54+00:00","breadcrumb":{"@id":"https:\/\/saborcito.de\/?product=salsa-valentina-picante-etiq-roja-370-ml#breadcrumb"},"inLanguage":"de","potentialAction":[{"@type":"ReadAction","target":["https:\/\/saborcito.de\/?product=salsa-valentina-picante-etiq-roja-370-ml"]}]},{"@type":"ImageObject","inLanguage":"de","@id":"https:\/\/saborcito.de\/?product=salsa-valentina-picante-etiq-roja-370-ml#primaryimage","url":"https:\/\/saborcito.de\/wp-content\/uploads\/2025\/09\/Valentina-Salsa.webp","contentUrl":"https:\/\/saborcito.de\/wp-content\/uploads\/2025\/09\/Valentina-Salsa.webp","width":1000,"height":1000},{"@type":"BreadcrumbList","@id":"https:\/\/saborcito.de\/?product=salsa-valentina-picante-etiq-roja-370-ml#breadcrumb","itemListElement":[{"@type":"ListItem","position":1,"name":"Home","item":"https:\/\/saborcito.de\/de\/"},{"@type":"ListItem","position":2,"name":"Tienda","item":"https:\/\/saborcito.de\/de\/"},{"@type":"ListItem","position":3,"name":"Salsa Valentina Picante Etiq. Roja 370 ml."}]},{"@type":"WebSite","@id":"https:\/\/saborcito.de\/#website","url":"https:\/\/saborcito.de\/","name":"Saborcito","description":"\u00a1El sabor que extra\u00f1abas!","publisher":{"@id":"https:\/\/saborcito.de\/#organization"},"potentialAction":[{"@type":"SearchAction","target":{"@type":"EntryPoint","urlTemplate":"https:\/\/saborcito.de\/?s={search_term_string}"},"query-input":{"@type":"PropertyValueSpecification","valueRequired":true,"valueName":"search_term_string"}}],"inLanguage":"de"},{"@type":"Organization","@id":"https:\/\/saborcito.de\/#organization","name":"Saborcito","url":"https:\/\/saborcito.de\/","logo":{"@type":"ImageObject","inLanguage":"de","@id":"https:\/\/saborcito.de\/#\/schema\/logo\/image\/","url":"https:\/\/saborcito.de\/wp-content\/uploads\/2025\/09\/Gemini_Generated_Image_u5txh9u5txh9u5tx.png","contentUrl":"https:\/\/saborcito.de\/wp-content\/uploads\/2025\/09\/Gemini_Generated_Image_u5txh9u5txh9u5tx.png","width":1024,"height":330,"caption":"Saborcito"},"image":{"@id":"https:\/\/saborcito.de\/#\/schema\/logo\/image\/"}}]}},"jetpack_sharing_enabled":true,"_links":{"self":[{"href":"https:\/\/saborcito.de\/de\/wp-json\/wp\/v2\/product\/236","targetHints":{"allow":["GET"]}}],"collection":[{"href":"https:\/\/saborcito.de\/de\/wp-json\/wp\/v2\/product"}],"about":[{"href":"https:\/\/saborcito.de\/de\/wp-json\/wp\/v2\/types\/product"}],"replies":[{"embeddable":true,"href":"https:\/\/saborcito.de\/de\/wp-json\/wp\/v2\/comments?post=236"}],"wp:featuredmedia":[{"embeddable":true,"href":"https:\/\/saborcito.de\/de\/wp-json\/wp\/v2\/media\/193"}],"wp:attachment":[{"href":"https:\/\/saborcito.de\/de\/wp-json\/wp\/v2\/media?parent=236"}],"wp:term":[{"taxonomy":"product_brand","embeddable":true,"href":"https:\/\/saborcito.de\/de\/wp-json\/wp\/v2\/product_brand?post=236"},{"taxonomy":"product_cat","embeddable":true,"href":"https:\/\/saborcito.de\/de\/wp-json\/wp\/v2\/product_cat?post=236"},{"taxonomy":"product_tag","embeddable":true,"href":"https:\/\/saborcito.de\/de\/wp-json\/wp\/v2\/product_tag?post=236"}],"curies":[{"name":"wp","href":"https:\/\/api.w.org\/{rel}","templated":true}]}}

<p>La Salsa Valentina es una de las salsas de chile más vendidas en México. Es muy picante gracias a los chiles puya y serrano. Ideal como salsa para totopos, maíz, papas fritas, palomitas saladas y otros bocadillos.</p>

<!-- This site is optimized with the Yoast SEO plugin v27.5 - https://yoast.com/product/yoast-seo-wordpress/ -->
<title>Salsa Valentina Picante Etiq. Roja 370 ml. - Saborcito</title>
<meta name="robots" content="index, follow, max-snippet:-1, max-image-preview:large, max-video-preview:-1" />
<link rel="canonical" href="https://saborcito.de/de/?product=salsa-valentina-picante-etiq-roja-370-ml" />
<meta property="og:locale" content="de_DE" />
<meta property="og:type" content="article" />
<meta property="og:title" content="Salsa Valentina Picante Etiq. Roja 370 ml. - Saborcito" />
<meta property="og:description" content="Salsa Valentina Picante Etiq. Roja 370 ml." />
<meta property="og:url" content="https://saborcito.de/de/?product=salsa-valentina-picante-etiq-roja-370-ml" />
<meta property="og:site_name" content="Saborcito" />
<meta property="article:modified_time" content="2026-03-23T03:21:54+00:00" />
<meta name="twitter:card" content="summary_large_image" />
<script type="application/ld+json" class="yoast-schema-graph">{"@context":"https:\/\/schema.org","@graph":[{"@type":"WebPage","@id":"https:\/\/saborcito.de\/?product=salsa-valentina-picante-etiq-roja-370-ml","url":"https:\/\/saborcito.de\/?product=salsa-valentina-picante-etiq-roja-370-ml","name":"Salsa Valentina Picante Etiq. Roja 370 ml. - Saborcito","isPartOf":{"@id":"https:\/\/saborcito.de\/#website"},"primaryImageOfPage":{"@id":"https:\/\/saborcito.de\/?product=salsa-valentina-picante-etiq-roja-370-ml#primaryimage"},"image":{"@id":"https:\/\/saborcito.de\/?product=salsa-valentina-picante-etiq-roja-370-ml#primaryimage"},"thumbnailUrl":"https:\/\/saborcito.de\/wp-content\/uploads\/2025\/09\/Valentina-Salsa.webp","datePublished":"2025-09-28T19:30:09+00:00","dateModified":"2026-03-23T03:21:54+00:00","breadcrumb":{"@id":"https:\/\/saborcito.de\/?product=salsa-valentina-picante-etiq-roja-370-ml#breadcrumb"},"inLanguage":"de","potentialAction":[{"@type":"ReadAction","target":["https:\/\/saborcito.de\/?product=salsa-valentina-picante-etiq-roja-370-ml"]}]},{"@type":"ImageObject","inLanguage":"de","@id":"https:\/\/saborcito.de\/?product=salsa-valentina-picante-etiq-roja-370-ml#primaryimage","url":"https:\/\/saborcito.de\/wp-content\/uploads\/2025\/09\/Valentina-Salsa.webp","contentUrl":"https:\/\/saborcito.de\/wp-content\/uploads\/2025\/09\/Valentina-Salsa.webp","width":1000,"height":1000},{"@type":"BreadcrumbList","@id":"https:\/\/saborcito.de\/?product=salsa-valentina-picante-etiq-roja-370-ml#breadcrumb","itemListElement":[{"@type":"ListItem","position":1,"name":"Home","item":"https:\/\/saborcito.de\/de\/"},{"@type":"ListItem","position":2,"name":"Tienda","item":"https:\/\/saborcito.de\/de\/"},{"@type":"ListItem","position":3,"name":"Salsa Valentina Picante Etiq. Roja 370 ml."}]},{"@type":"WebSite","@id":"https:\/\/saborcito.de\/#website","url":"https:\/\/saborcito.de\/","name":"Saborcito","description":"¡El sabor que extrañabas!","publisher":{"@id":"https:\/\/saborcito.de\/#organization"},"potentialAction":[{"@type":"SearchAction","target":{"@type":"EntryPoint","urlTemplate":"https:\/\/saborcito.de\/?s={search_term_string}"},"query-input":{"@type":"PropertyValueSpecification","valueRequired":true,"valueName":"search_term_string"}}],"inLanguage":"de"},{"@type":"Organization","@id":"https:\/\/saborcito.de\/#organization","name":"Saborcito","url":"https:\/\/saborcito.de\/","logo":{"@type":"ImageObject","inLanguage":"de","@id":"https:\/\/saborcito.de\/#\/schema\/logo\/image\/","url":"https:\/\/saborcito.de\/wp-content\/uploads\/2025\/09\/Gemini_Generated_Image_u5txh9u5txh9u5tx.png","contentUrl":"https:\/\/saborcito.de\/wp-content\/uploads\/2025\/09\/Gemini_Generated_Image_u5txh9u5txh9u5tx.png","width":1024,"height":330,"caption":"Saborcito"},"image":{"@id":"https:\/\/saborcito.de\/#\/schema\/logo\/image\/"}}]}</script>
<!-- / Yoast SEO plugin. -->

¡El sabor que extrañabas!
